- 4 = p*a. What is the units digit of t(a)?
1
What is the units digit of (-28 - -33)/(2/744)?
0
Suppose 5*t = 5*x + 20, -4*t - 3*x + 5*x + 6 = 0. Let a be 4*(2 + -1)*t. What is the tens digit of a/(0 + 4) + 18?
1
Let x be 12/(-1) + (-6 - -2). Let s(j) = -6*j + 4. What is the hundreds digit of s(x)?
1
Suppose -75 = -z - 0*z. Let r = z + -37. Let f = -19 + r. What is the units digit of f?
9
Suppose 11 = -3*k - x - 173, 5*x - 151 = 2*k. What is the units digit of (-14)/k - -1*68/18?
4
Suppose 0 = -178*y + 180*y + 48. Let r = 33 - y. What is the units digit of r?
7
Let r be 210/9 + 14/21. What is the units digit of ((-136)/r)/(1/(-3))?
7
Suppose c + 175 = -2*l + 3183, -5*c + 15007 = -l. What is the thousands digit of c?
3
What is the thousands digit of (6 - 4)/(-14)*-9121?
1
Suppose -2*h + 4*s + 8038 = 0, 4*h - 31*s - 16073 = -26*s. What is the hundreds digit of h?
0
Let r = 1903 - 184. What is the units digit of r?
9
Let q = -938 - -2220. What is the thousands digit of q?
1
Let m(z) = 3*z**2 - 12*z**2 + 0*z + 11*z**2 - 7*z + 3. What is the units digit of m(5)?
8
Let v be (-8)/(-3)*36/6. Let b = v + -4. Let h(r) = -r**2 + 13*r + 12. What is the tens digit of h(b)?
2
Let h(r) = -r**2 - 8*r - 5. Let d be h(-7). Suppose 0 = 3*z + 2*w - 23, 0*z = d*z - 2*w - 2. What is the units digit of z?
5
Let p(u) = u + 7. Let x be p(-4). Suppose -x*b = -4*t + 106, 0*t + 2*b + 104 = 4*t. What is the tens digit of t?
2
Let k(d) = 25*d + 398. What is the units digit of k(47)?
3
Suppose -27 = -5*n - 2*c, 4*c = -3*n - 8 + 27. What is the tens digit of -1 + n + -2 + 9*9?
8
What is the units digit of -2*(-9)/18 + 1289?
0
Let r(j) = -j + 2. Let a be r(2). Suppose 5*m + 3*i + 12 = 0, a = 5*m - 4*i - 0*i + 19. What is the tens digit of 12 - m - (-2)/(-1)?
1
Let i(a) = -a**2 + 9*a - 2. Let y be i(6). Suppose y*k - 11*k = 30. What is the units digit of k?
6
Let n(a) = 61*a**3 - 2*a**2 - 5*a. Let j(k) = k**3 + k**2 + k. Let w(d) = 4*j(d) + n(d). Let v be w(1). Suppose -8*i + v = -6. What is the units digit of i?
9
What is the hundreds digit of ((-6711)/(-6) - (-15)/6) + 5?
1
Let p = -51 - -51. Suppose 0 = -4*q + 18 + 2, p = -3*i - q + 452. What is the hundreds digit of i?
1
Let j(v) = 3*v**2 + 26*v + 6. Let f be j(-6). What is the tens digit of (f/6*2)/(2/(-11))?
7
Let i be (3/(-6)*1)/((-4)/24). Suppose 2*x - 70 = -i*f, -2*x = -f - 3*f + 70. What is the units digit of f?
0
Suppose 10 = 12*q - 4418. What is the tens digit of q?
6
Let q = 887 - 556. What is the units digit of q?
1
Let k(u) = 64*u**3 + 5*u**2 - 12*u + 11. What is the hundreds digit of k(4)?
1
Let l = -48 + 21. Let w = -3 - l. What is the tens digit of w?
2
Let r be 535/(-35) + 10/35. What is the tens digit of -4 - (-5)/(r/(-153))?
4
Let y = 191 - -701. What is the hundreds digit of y?
8
Let g(r) = -2*r**2 - 21*r - 10. Suppose 2*h - 3*h = 8. What is the units digit of g(h)?
0
Let f(u) = u**3 - 4*u**2 - 10*u + 2. Let a be f(6). Let v(g) = -g**2 + 26*g + 28. What is the units digit of v(a)?
6
Let c be (8/12)/(2/(-12)). What is the tens digit of (8708/(-16))/7*c?
1
Let o = 39 + -35. Suppose -o*g + 135 = -389. What is the hundreds digit of g?
1
Suppose -4*u - 6760 = -0*n - 4*n, -n - 5*u = -1720. What is the hundreds digit of n?
6
What is the units digit of 80/180 + (-58)/9 - -2802?
6
What is the units digit of 3*7/(-21) + 836?
5
Let c = -1 + 3. Suppose -c*n + 5 = 1. Suppose -t + 15 = -2*i - i, -4*t + 90 = -n*i. What is the tens digit of t?
2
Let l be 3/(-5) + 9/((-270)/(-1128)). Let o = -18 - 1. Let g = l + o. What is the units digit of g?
8
Let y(x) = -28*x + 108. What is the units digit of y(-42)?
4
Suppose -33*f + 59128 = 43*f. What is the tens digit of f?
7
Let b(a) be the third derivative of 11*a**4/24 + 67*a**3/6 - 3*a**2. What is the tens digit of b(19)?
7
Let n(w) = 20*w - 345. What is the hundreds digit of n(60)?
8
Suppose 4*c + q + 3*q = 144, 5*c = -3*q + 176. What is the tens digit of 26 - (c/(-8) - -4)*0?
2
Let o(a) = -122*a + 324. What is the thousands digit of o(-36)?
4
Suppose 171410 = 43*c - 41139. What is the units digit of c?
3
Let p be 183*(0 + (-10)/(-15)). Let w = p + -60. What is the units digit of w?
2
Suppose -3 = -f - 4*j - 13, 5*f - 1 = -3*j. Suppose -f*g + 5*g - 51 = 0. What is the tens digit of g?
1
Let a be ((-1)/(-2))/((-3)/2 + 1). What is the units digit of ((19 - a)/(-2))/(-3 + 1)?
5
Let z(t) = t**2 + t. Let b be z(1). What is the units digit of (-4 - -10)*b/(-4)*-27?
1
Let a(r) = -124*r + 13. What is the tens digit of a(-2)?
6
Let w(j) = -j - 3*j**3 - 1 + j**2 - j**3 + 7*j**3. What is the units digit of w(2)?
5
Suppose 0 = 5*l - 30 + 5. Suppose -3*r + r + 622 = -2*f, 0 = -l*r + 4*f + 1556. What is the hundreds digit of r?
3
Suppose 5*i - 2326 = 2*i - 5*j, 2*j = 4*i - 3084. What is the hundreds digit of i?
7
Let w be 0/(4/(-4) - -2). Suppose w*m = -5*m + 5*d - 45, -3*m - 2*d = 27. Let g = m - -41. What is the tens digit of g?
3
Suppose 2*o = -5*w - 9, 6*w + 3 = w + o. Let x(l) = -73*l - 1. What is the units digit of x(w)?
2
Suppose 0 = 2*g + 4*x - 22, x = -g + 8 + 1. Let j(o) = -o**2 + 13*o - 12. What is the units digit of j(g)?
0
Suppose -3*a = -3*y + 6, 5*y - 2 = -11*a + 8*a. What is the hundreds digit of (-1 + (-5)/(-5))/y + 194?
1
Let b be -21*1/(-3)*1. Let g(t) = 3*t**2 - 9*t - 9. What is the tens digit of g(b)?
7
Suppose -4*z - 26 = -2*m, -z - 30 = -5*m - 1. Let f(n) = -n**3 + 6*n**2 + 3*n - 5. What is the tens digit of f(m)?
3
Suppose -4*c + 2072 = 2*m, -2*c + 3*m = -0*m - 1028. What is the tens digit of c?
1
Let f(n) = n + 9. Let y be -12*(-2 - (-8)/12). Let x = -9 + y. What is the units digit of f(x)?
6
Let o = -149 - -143. What is the units digit of o + 0 + 2 + 255/5?
7
Let q = 43 - 39. Suppose d = -5*o + 607, -2*o + 396 - 140 = -q*d. What is the units digit of o?
2
What is the hundreds digit of 1264*(-2*1/4 - -1)?
6
Let k(h) = h**2 - 7*h + 4. Let t be k(7). Let o = -22 - -26. Suppose t = -o*n + 52. What is the units digit of n?
2
Suppose 2256 = 14*x - 2*x. What is the units digit of x?
8
Suppose -9*o + 34 = -551. What is the tens digit of -8*(1 - (1 - o/(-4)))?
3
Let d = 204 - -2. Let s = -18 + d. Suppose 4*p - 5*n = -7 + 195, -s = -4*p - 2*n. What is the units digit of p?
7
Let i be 8/(-2) + 19 + (-2)/(-1). Suppose 5*q + 3*r - i = 247, 2*q + 4*r = 114. What is the tens digit of q?
5
What is the units digit of 21/((-105)/(-10)) + (725 - -2)?
9
Let g = 43 + -115. Let j(w) = -w**2 - 8*w - 7. Let k be j(-7). What is the tens digit of (g + k)/(21/(-14))?
4
Let u = 88 + 202. What is the tens digit of u?
9
Suppose -2*o + 23 - 5 = 0. Let n(c) = -2*c + 21. Let z be n(o). Suppose z*s + 3*f - 24 = -9, 4*s = 4*f - 4. What is the units digit of s?
2
Let s(z) = -199*z - 149. What is the hundreds digit of s(-7)?
2
Let j be (47/3)/(5/15). Suppose 0 = 4*u + j - 151. What is the tens digit of u?
2
Suppose 4*x + x - 1449 = 4*a, -3*x + 3*a = -867. What is the tens digit of x?
9
Let q(f) = 2*f**3 - 24*f**2 + f + 29. What is the hundreds digit of q(14)?
8
Let f(n) = 0*n + 13*n**2 + n + 4*n - 6*n. Let p be f(-1). Suppose p*t = 9*t + 85. What is the units digit of t?
7
Suppose w = 3*y - 3*w - 164, -2*w = -5*y + 278. Let v = y - 41. Suppose 0 = -v*d + 14*d + 72. What is the tens digit of d?
7
Let r(k) be the first derivative of 1/2*k**2 + 6 + 1/3*k**3 + k - 9*k**4. What is the units digit of r(-1)?
7
Let i(b) = 4*b**2 - 13*b + 13. What is the tens digit of i(-4)?
2
What is the tens digit of (-18)/(-78) + 97364/26?
4
Suppose 0*i - 4*i - 4*w + 212 = 0, 5*i + 2*w = 250. Suppose -i = 10*q - 12*q. What is the units digit of q?
4
Let l be (0 + -8)*(-1 - -2). Let x(v) = -v**2 - 9*v + 0*v + 0*v. What is the units digit of x(l)?
8
Let q(f) = 5*f - 17. Let b(v) = -v + 1. Let y(s) = -4*b(s) - q(s). Let l be y(7). Suppose -7*g + l*g = -19. What is the units digit of g?
9
Let j(b) = b - 5. Let z be j(7). Suppose 16 = -z*d - 2*d. What is the units digit of (-4 + 2)*46/d?
3
Let y be (-208)/(-3) + (-6 - 20/(-3)). Suppose -2*r - y = -4*r. What is the units digit of r?
5
Suppose 0*a + 1 = a, -3*g = 5*a - 6677. What is the tens digit of g/36 - 2/(-9)?
6
Let c(r) = -4*r + 3. Suppose 3*u + 8 = -4*s, -3*u - s - 4 = -2*u. What is the units digit of c(u)?
5
Let h(v) = 3*v**2 - 3*v + 7. Let w be h(3). Suppose w = 5*u,